{"id":113,"date":"2015-10-22T14:34:37","date_gmt":"2015-10-22T12:34:37","guid":{"rendered":"http:\/\/test.kriesi.at\/construction\/?page_id=113"},"modified":"2023-10-09T20:02:47","modified_gmt":"2023-10-09T18:02:47","slug":"asesoria-y-diseno","status":"publish","type":"page","link":"https:\/\/sireac.com\/index.php\/servicios\/asesoria-y-diseno\/","title":{"rendered":"Asesor\u00eda y Dise\u00f1o"},"content":{"rendered":"<div  class='avia-slideshow av-40gkrl-f7826d9a56bfcbe40305e6f416b30bd6 avia-slideshow-featured_large av_slideshow avia-fade-slider  avia-builder-el-0  el_before_av_one_full  avia-builder-el-first  av-slideshow-ui av-control-hidden av-no-slider-navigation av-hide-nav-arrows av-slideshow-autoplay av-loop-endless av-loop-manual-endless av-default-height-applied avia-slideshow-1' data-slideshow-options=\"{&quot;animation&quot;:&quot;fade&quot;,&quot;autoplay&quot;:true,&quot;loop_autoplay&quot;:&quot;endless&quot;,&quot;interval&quot;:5,&quot;loop_manual&quot;:&quot;manual-endless&quot;,&quot;autoplay_stopper&quot;:false,&quot;noNavigation&quot;:true,&quot;bg_slider&quot;:false,&quot;keep_padding&quot;:false,&quot;hoverpause&quot;:false,&quot;show_slide_delay&quot;:0}\"  itemprop=\"image\" itemscope=\"itemscope\" itemtype=\"https:\/\/schema.org\/ImageObject\" ><ul class='avia-slideshow-inner ' style='padding-bottom: 42%;'><li  class='avia-slideshow-slide av-40gkrl-f7826d9a56bfcbe40305e6f416b30bd6__0  slide-1 slide-odd'><div data-rel='slideshow-1' class='avia-slide-wrap '   ><img fetchpriority=\"high\" fetchpriority=\"high\" decoding=\"async\" fetchpriority=\"high\" class=\"wp-image-83 avia-img-lazy-loading-not-83\"  src=\"https:\/\/sireac.com\/wp-content\/uploads\/2015\/10\/scale-ruler-on-blueprints-1500x630.jpg\" width=\"1500\" height=\"630\" title='Scale Ruler on Blueprints' alt=''  itemprop=\"thumbnailUrl\"   \/><\/div><\/li><li  class='avia-slideshow-slide av-40gkrl-f7826d9a56bfcbe40305e6f416b30bd6__1  slide-2 slide-even'><div data-rel='slideshow-1' class='avia-slide-wrap '   ><img fetchpriority=\"high\" fetchpriority=\"high\" decoding=\"async\" fetchpriority=\"high\" class=\"wp-image-87 avia-img-lazy-loading-not-87\"  src=\"https:\/\/sireac.com\/wp-content\/uploads\/2015\/10\/team-banner2.jpg\" width=\"1500\" height=\"630\" title='team-banner2' alt=''  itemprop=\"thumbnailUrl\" srcset=\"https:\/\/sireac.com\/wp-content\/uploads\/2015\/10\/team-banner2.jpg 1500w, https:\/\/sireac.com\/wp-content\/uploads\/2015\/10\/team-banner2-600x252.jpg 600w, https:\/\/sireac.com\/wp-content\/uploads\/2015\/10\/team-banner2-300x126.jpg 300w, https:\/\/sireac.com\/wp-content\/uploads\/2015\/10\/team-banner2-1030x433.jpg 1030w, https:\/\/sireac.com\/wp-content\/uploads\/2015\/10\/team-banner2-768x323.jpg 768w, https:\/\/sireac.com\/wp-content\/uploads\/2015\/10\/team-banner2-705x296.jpg 705w\" sizes=\"(max-width: 1500px) 100vw, 1500px\" \/><\/div><\/li><li  class='avia-slideshow-slide av-40gkrl-f7826d9a56bfcbe40305e6f416b30bd6__2  slide-3 slide-odd'><div data-rel='slideshow-1' class='avia-slide-wrap '   ><img fetchpriority=\"high\" fetchpriority=\"high\" decoding=\"async\" fetchpriority=\"high\" class=\"wp-image-100 avia-img-lazy-loading-not-100\"  src=\"https:\/\/sireac.com\/wp-content\/uploads\/2015\/10\/house-interior-1500x630.jpg\" width=\"1500\" height=\"630\" title='House interior' alt=''  itemprop=\"thumbnailUrl\"   \/><\/div><\/li><\/ul><div class='avia-slideshow-arrows avia-slideshow-controls' ><a href='#prev' class='prev-slide ' aria-hidden='true' data-av_icon='\ue87c' data-av_iconfont='entypo-fontello'  tabindex='-1'>Anterior<\/a><a href='#next' class='next-slide ' aria-hidden='true' data-av_icon='\ue87d' data-av_iconfont='entypo-fontello'  tabindex='-1'>Posterior<\/a><\/div><\/div>\n\n<style type=\"text\/css\" data-created_by=\"avia_inline_auto\" id=\"style-css-av-3cbzh5-7460340d7366902993fc30131e826ee3\">\n#top .flex_column.av-3cbzh5-7460340d7366902993fc30131e826ee3{\nmargin-top:0px;\nmargin-bottom:0px;\n}\n.flex_column.av-3cbzh5-7460340d7366902993fc30131e826ee3{\nborder-radius:0px 0px 0px 0px;\npadding:0px 0px 0px 0px;\n}\n.responsive #top #wrap_all .flex_column.av-3cbzh5-7460340d7366902993fc30131e826ee3{\nmargin-top:0px;\nmargin-bottom:0px;\n}\n<\/style>\n<div  class='flex_column av-3cbzh5-7460340d7366902993fc30131e826ee3 av_one_full  avia-builder-el-1  el_after_av_slideshow  el_before_av_one_half  first flex_column_div av-animated-generic bottom-to-top av-zero-column-padding  '     ><p>\n<style type=\"text\/css\" data-created_by=\"avia_inline_auto\" id=\"style-css-av-38wsah-1f9ba3a327dc29d0f500d22ffdf8d08b\">\n#top .av-special-heading.av-38wsah-1f9ba3a327dc29d0f500d22ffdf8d08b{\npadding-bottom:0;\n}\nbody .av-special-heading.av-38wsah-1f9ba3a327dc29d0f500d22ffdf8d08b .av-special-heading-tag .heading-char{\nfont-size:25px;\n}\n.av-special-heading.av-38wsah-1f9ba3a327dc29d0f500d22ffdf8d08b .av-subheading{\nfont-size:15px;\n}\n<\/style>\n<div  class='av-special-heading av-38wsah-1f9ba3a327dc29d0f500d22ffdf8d08b av-special-heading-h2 blockquote modern-quote  avia-builder-el-2  el_before_av_hr  avia-builder-el-first '><h2 class='av-special-heading-tag'  itemprop=\"headline\"  >Asesoria y Dise\u00f1o <\/h2><div class=\"special-heading-border\"><div class=\"special-heading-inner-border\"><\/div><\/div><\/div><br \/>\n\n<style type=\"text\/css\" data-created_by=\"avia_inline_auto\" id=\"style-css-av-3470ep-357c3b941cd3d413c37c4137414970c3\">\n#top .hr.av-3470ep-357c3b941cd3d413c37c4137414970c3{\nmargin-top:10px;\nmargin-bottom:10px;\n}\n.hr.av-3470ep-357c3b941cd3d413c37c4137414970c3 .hr-inner{\nwidth:50px;\nborder-color:#efbb20;\n}\n<\/style>\n<div  class='hr av-3470ep-357c3b941cd3d413c37c4137414970c3 hr-custom  avia-builder-el-3  el_after_av_heading  avia-builder-el-last  hr-left hr-icon-no'><span class='hr-inner inner-border-av-border-fat'><span class=\"hr-inner-style\"><\/span><\/span><\/div><\/p><\/div>\n\n<style type=\"text\/css\" data-created_by=\"avia_inline_auto\" id=\"style-css-av-2w7s4p-0c00e2bd3d4429a4e514a87e916ce46a\">\n#top .flex_column.av-2w7s4p-0c00e2bd3d4429a4e514a87e916ce46a{\nmargin-top:0px;\nmargin-bottom:0px;\n}\n.flex_column.av-2w7s4p-0c00e2bd3d4429a4e514a87e916ce46a{\nborder-radius:0px 0px 0px 0px;\npadding:0px 0px 0px 0px;\n}\n.responsive #top #wrap_all .flex_column.av-2w7s4p-0c00e2bd3d4429a4e514a87e916ce46a{\nmargin-top:0px;\nmargin-bottom:0px;\n}\n<\/style>\n<div  class='flex_column av-2w7s4p-0c00e2bd3d4429a4e514a87e916ce46a av_one_half  avia-builder-el-4  el_after_av_one_full  el_before_av_one_half  first flex_column_div av-animated-generic bottom-to-top av-zero-column-padding  column-top-margin'     ><section  class='av_textblock_section av-2qyi35-f784262ab4d20791577bfb823d178b4e '   itemscope=\"itemscope\" itemtype=\"https:\/\/schema.org\/CreativeWork\" ><div class='avia_textblock'  itemprop=\"text\" ><p>Trabajamos con la filosof\u00eda de la\u00a0<strong>arquitectura interior<\/strong>\u00a0para equilibrar el arte y la ciencia de dise\u00f1ar, teniendo en cuenta todos los elementos de la construcci\u00f3n.<\/p>\n<\/div><\/section><\/div>\n<style type=\"text\/css\" data-created_by=\"avia_inline_auto\" id=\"style-css-av-2i5y95-5e29120e6cb7ac23a5a425708aa326f4\">\n#top .flex_column.av-2i5y95-5e29120e6cb7ac23a5a425708aa326f4{\nmargin-top:0px;\nmargin-bottom:0px;\n}\n.flex_column.av-2i5y95-5e29120e6cb7ac23a5a425708aa326f4{\nborder-radius:0px 0px 0px 0px;\npadding:0px 0px 0px 0px;\n}\n.responsive #top #wrap_all .flex_column.av-2i5y95-5e29120e6cb7ac23a5a425708aa326f4{\nmargin-top:0px;\nmargin-bottom:0px;\n}\n<\/style>\n<div  class='flex_column av-2i5y95-5e29120e6cb7ac23a5a425708aa326f4 av_one_half  avia-builder-el-6  el_after_av_one_half  el_before_av_one_half  flex_column_div av-animated-generic bottom-to-top av-zero-column-padding  column-top-margin'     ><section  class='av_textblock_section av-2cefkp-e660235cea90d5c19abbfedf81ff4f9e '   itemscope=\"itemscope\" itemtype=\"https:\/\/schema.org\/CreativeWork\" ><div class='avia_textblock'  itemprop=\"text\" ><p>Transformamos espacios en ambientes sofisticados y funcionales, conocemos las necesidades del sector residencial, industrial, comercial y retail, nuestra misi\u00f3n es explotar sus caracter\u00edsticas para aumentar la belleza sin descuidar cada detalle.<\/p>\n<\/div><\/section><\/div>\n<style type=\"text\/css\" data-created_by=\"avia_inline_auto\" id=\"style-css-av-1hdfdt-c67f7e5b5ab274e0cbe4a8a793fba9c1\">\n.flex_column.av-1hdfdt-c67f7e5b5ab274e0cbe4a8a793fba9c1{\nborder-radius:0px 0px 0px 0px;\npadding:0px 0px 0px 0px;\n}\n<\/style>\n<div  class='flex_column av-1hdfdt-c67f7e5b5ab274e0cbe4a8a793fba9c1 av_one_half  avia-builder-el-8  el_after_av_one_half  el_before_av_one_half  first flex_column_div av-animated-generic bottom-to-top av-zero-column-padding  column-top-margin'     ><p>\n<style type=\"text\/css\" data-created_by=\"avia_inline_auto\" id=\"style-css-av-1ayfsp-7e7fb5fb786dbc65b35c935bcad551f8\">\n#top .av-special-heading.av-1ayfsp-7e7fb5fb786dbc65b35c935bcad551f8{\npadding-bottom:0;\n}\nbody .av-special-heading.av-1ayfsp-7e7fb5fb786dbc65b35c935bcad551f8 .av-special-heading-tag .heading-char{\nfont-size:25px;\n}\n.av-special-heading.av-1ayfsp-7e7fb5fb786dbc65b35c935bcad551f8 .av-subheading{\nfont-size:15px;\n}\n<\/style>\n<div  class='av-special-heading av-1ayfsp-7e7fb5fb786dbc65b35c935bcad551f8 av-special-heading-h2 blockquote modern-quote  avia-builder-el-9  el_before_av_hr  avia-builder-el-first '><h2 class='av-special-heading-tag'  itemprop=\"headline\"  >En Tendencia<\/h2><div class=\"special-heading-border\"><div class=\"special-heading-inner-border\"><\/div><\/div><\/div><br \/>\n\n<style type=\"text\/css\" data-created_by=\"avia_inline_auto\" id=\"style-css-av-11ya1l-b80113e15bcb7958ef69fbe52bdce4e7\">\n#top .hr.av-11ya1l-b80113e15bcb7958ef69fbe52bdce4e7{\nmargin-top:10px;\nmargin-bottom:10px;\n}\n.hr.av-11ya1l-b80113e15bcb7958ef69fbe52bdce4e7 .hr-inner{\nwidth:50px;\nborder-color:#efbb20;\n}\n<\/style>\n<div  class='hr av-11ya1l-b80113e15bcb7958ef69fbe52bdce4e7 hr-custom  avia-builder-el-10  el_after_av_heading  el_before_av_textblock  hr-left hr-icon-no'><span class='hr-inner inner-border-av-border-fat'><span class=\"hr-inner-style\"><\/span><\/span><\/div><br \/>\n<section  class='av_textblock_section av-w2sm9-7400ad734ce0badb9d20565a69e49077 '   itemscope=\"itemscope\" itemtype=\"https:\/\/schema.org\/CreativeWork\" ><div class='avia_textblock'  itemprop=\"text\" ><p>Seguimos las tendencias que aporten innovaci\u00f3n s\u00f3lo cu\u00e9ntanos cu\u00e1l es tu estilo y nosotros haremos la magia.<br \/>\n<strong><\/p>\n<p><\/strong><\/p>\n<\/div><\/section><\/p><\/div>\n<style type=\"text\/css\" data-created_by=\"avia_inline_auto\" id=\"style-css-av-qfpnt-0ca6255dd52233e666f0fe457122a50a\">\n.flex_column.av-qfpnt-0ca6255dd52233e666f0fe457122a50a{\nborder-radius:0px 0px 0px 0px;\npadding:0px 0px 0px 0px;\n}\n<\/style>\n<div  class='flex_column av-qfpnt-0ca6255dd52233e666f0fe457122a50a av_one_half  avia-builder-el-12  el_after_av_one_half  el_before_av_one_full  flex_column_div av-animated-generic bottom-to-top av-zero-column-padding  column-top-margin'     ><style type=\"text\/css\" data-created_by=\"avia_inline_auto\" id=\"style-css-av-ncys1-1c70d112e03df6b678cd46bac98d5e00\">\n.avia-image-container.av-ncys1-1c70d112e03df6b678cd46bac98d5e00 img.avia_image{\nbox-shadow:none;\n}\n.avia-image-container.av-ncys1-1c70d112e03df6b678cd46bac98d5e00 .av-image-caption-overlay-center{\ncolor:#ffffff;\n}\n<\/style>\n<div  class='avia-image-container av-ncys1-1c70d112e03df6b678cd46bac98d5e00 av-styling-no-styling avia-align-center  avia-builder-el-13  avia-builder-el-no-sibling '   itemprop=\"image\" itemscope=\"itemscope\" itemtype=\"https:\/\/schema.org\/ImageObject\" ><div class=\"avia-image-container-inner\"><div class=\"avia-image-overlay-wrap\"><img fetchpriority=\"high\" fetchpriority=\"high\" decoding=\"async\" fetchpriority=\"high\" class='wp-image-1033 avia-img-lazy-loading-not-1033 avia_image ' src=\"https:\/\/sireac.com\/wp-content\/uploads\/2023\/10\/asesoria-y-diseno.jpeg\" alt='' title='asesoria y disen\u0303o'  height=\"340\" width=\"720\"  itemprop=\"thumbnailUrl\" srcset=\"https:\/\/sireac.com\/wp-content\/uploads\/2023\/10\/asesoria-y-diseno.jpeg 720w, https:\/\/sireac.com\/wp-content\/uploads\/2023\/10\/asesoria-y-diseno-600x283.jpeg 600w, https:\/\/sireac.com\/wp-content\/uploads\/2023\/10\/asesoria-y-diseno-300x142.jpeg 300w, https:\/\/sireac.com\/wp-content\/uploads\/2023\/10\/asesoria-y-diseno-705x333.jpeg 705w\" sizes=\"(max-width: 720px) 100vw, 720px\" \/><\/div><\/div><\/div><\/div>\n<style type=\"text\/css\" data-created_by=\"avia_inline_auto\" id=\"style-css-av-ex8d5-8b72e5fd931d86f7906abff62e0123c6\">\n.flex_column.av-ex8d5-8b72e5fd931d86f7906abff62e0123c6{\nborder-width:1px;\nborder-color:#e1e1e1;\nborder-style:solid;\nborder-radius:0px 0px 0px 0px;\npadding:20px 20px 20px 20px;\nbackground-color:#fcfcfc;\n}\n<\/style>\n<div  class='flex_column av-ex8d5-8b72e5fd931d86f7906abff62e0123c6 av_one_full  avia-builder-el-14  el_after_av_one_half  avia-builder-el-last  first flex_column_div av-animated-generic bottom-to-top  column-top-margin'     ><section  class='av_textblock_section av-a6r0p-d8aa489f860b87dc41650b0df6ce0b23 '   itemscope=\"itemscope\" itemtype=\"https:\/\/schema.org\/CreativeWork\" ><div class='avia_textblock'  itemprop=\"text\" ><ul>\n<li>Atrevido, moderno y vanguardista<\/li>\n<li>Elegante, natural y minimalista<\/li>\n<li>C\u00e1lido, confortable y atemporal<\/li>\n<li>R\u00fastico e Industrial<\/li>\n<li>Magestuoso y sofisticado<\/li>\n<li>Innovador y funcional<\/li>\n<\/ul>\n<\/div><\/section><\/div><\/p>\n","protected":false},"excerpt":{"rendered":"","protected":false},"author":1,"featured_media":83,"parent":25,"menu_order":0,"comment_status":"closed","ping_status":"closed","template":"","meta":{"_eb_attr":"","footnotes":""},"class_list":["post-113","page","type-page","status-publish","has-post-thumbnail","hentry"],"_links":{"self":[{"href":"https:\/\/sireac.com\/index.php\/wp-json\/wp\/v2\/pages\/113","targetHints":{"allow":["GET"]}}],"collection":[{"href":"https:\/\/sireac.com\/index.php\/wp-json\/wp\/v2\/pages"}],"about":[{"href":"https:\/\/sireac.com\/index.php\/wp-json\/wp\/v2\/types\/page"}],"author":[{"embeddable":true,"href":"https:\/\/sireac.com\/index.php\/wp-json\/wp\/v2\/users\/1"}],"replies":[{"embeddable":true,"href":"https:\/\/sireac.com\/index.php\/wp-json\/wp\/v2\/comments?post=113"}],"version-history":[{"count":3,"href":"https:\/\/sireac.com\/index.php\/wp-json\/wp\/v2\/pages\/113\/revisions"}],"predecessor-version":[{"id":1034,"href":"https:\/\/sireac.com\/index.php\/wp-json\/wp\/v2\/pages\/113\/revisions\/1034"}],"up":[{"embeddable":true,"href":"https:\/\/sireac.com\/index.php\/wp-json\/wp\/v2\/pages\/25"}],"wp:featuredmedia":[{"embeddable":true,"href":"https:\/\/sireac.com\/index.php\/wp-json\/wp\/v2\/media\/83"}],"wp:attachment":[{"href":"https:\/\/sireac.com\/index.php\/wp-json\/wp\/v2\/media?parent=113"}],"curies":[{"name":"wp","href":"https:\/\/api.w.org\/{rel}","templated":true}]}}