{"id":25,"date":"2015-10-15T15:32:49","date_gmt":"2015-10-15T13:32:49","guid":{"rendered":"http:\/\/wpoffice\/construction\/?page_id=25"},"modified":"2023-10-10T01:36:30","modified_gmt":"2023-10-09T23:36:30","slug":"servicios","status":"publish","type":"page","link":"https:\/\/sireac.com\/index.php\/servicios\/","title":{"rendered":"Servicios"},"content":{"rendered":"\n<style type=\"text\/css\" data-created_by=\"avia_inline_auto\" id=\"style-css-av-j6y0l-6caabc91b086637935911dba2e20f2d6\">\n#top .av-special-heading.av-j6y0l-6caabc91b086637935911dba2e20f2d6{\npadding-bottom:0;\n}\nbody .av-special-heading.av-j6y0l-6caabc91b086637935911dba2e20f2d6 .av-special-heading-tag .heading-char{\nfont-size:25px;\n}\n.av-special-heading.av-j6y0l-6caabc91b086637935911dba2e20f2d6 .av-subheading{\nfont-size:15px;\n}\n<\/style>\n<div  class='av-special-heading av-j6y0l-6caabc91b086637935911dba2e20f2d6 av-special-heading-h2 blockquote modern-quote modern-centered  avia-builder-el-0  el_before_av_hr  avia-builder-el-first '><h2 class='av-special-heading-tag'  itemprop=\"headline\"  >Nuestros Servicios<\/h2><div class=\"special-heading-border\"><div class=\"special-heading-inner-border\"><\/div><\/div><\/div>\n\n<style type=\"text\/css\" data-created_by=\"avia_inline_auto\" id=\"style-css-av-in1kx-7ab91b24397c94b020078ff7fdb9e7b6\">\n#top .hr.av-in1kx-7ab91b24397c94b020078ff7fdb9e7b6{\nmargin-top:5px;\nmargin-bottom:35px;\n}\n.hr.av-in1kx-7ab91b24397c94b020078ff7fdb9e7b6 .hr-inner{\nwidth:50px;\nborder-color:#efbb20;\n}\n<\/style>\n<div  class='hr av-in1kx-7ab91b24397c94b020078ff7fdb9e7b6 hr-custom  avia-builder-el-1  el_after_av_heading  el_before_av_one_half  hr-center hr-icon-no'><span class='hr-inner inner-border-av-border-fat'><span class=\"hr-inner-style\"><\/span><\/span><\/div>\n\n<style type=\"text\/css\" data-created_by=\"avia_inline_auto\" id=\"style-css-av-ifk7p-ae84bd03a4c6bb70a0d20860a4c84862\">\n.flex_column.av-ifk7p-ae84bd03a4c6bb70a0d20860a4c84862{\nborder-radius:0px 0px 0px 0px;\npadding:0px 0px 0px 0px;\n}\n<\/style>\n<div  class='flex_column av-ifk7p-ae84bd03a4c6bb70a0d20860a4c84862 av_one_half  avia-builder-el-2  el_after_av_hr  el_before_av_one_half  first flex_column_div av-animated-generic bottom-to-top av-zero-column-padding  '     ><p>\n<style type=\"text\/css\" data-created_by=\"avia_inline_auto\" id=\"style-css-av-heugd-597b2757e878e9c1535a45de04b3bca3\">\n.avia-image-container.av-heugd-597b2757e878e9c1535a45de04b3bca3 img.avia_image{\nbox-shadow:none;\n}\n.avia-image-container.av-heugd-597b2757e878e9c1535a45de04b3bca3 .av-image-caption-overlay-center{\ncolor:#ffffff;\n}\n<\/style>\n<div  class='avia-image-container av-heugd-597b2757e878e9c1535a45de04b3bca3 av-styling-no-styling avia-align-center  avia-builder-el-3  el_before_av_heading  avia-builder-el-first '   itemprop=\"image\" itemscope=\"itemscope\" itemtype=\"https:\/\/schema.org\/ImageObject\" ><div class=\"avia-image-container-inner\"><div class=\"avia-image-overlay-wrap\"><a href=\"https:\/\/sireac.com\/index.php\/servicios\/asesoria-y-diseno\/\" class='avia_image'  aria-label='Scale Ruler on Blueprints'><img fetchpriority=\"high\" fetchpriority=\"high\" decoding=\"async\" fetchpriority=\"high\" class='wp-image-83 avia-img-lazy-loading-not-83 avia_image ' src=\"https:\/\/sireac.com\/wp-content\/uploads\/2015\/10\/scale-ruler-on-blueprints-845x321.jpg\" alt='' title='Scale Ruler on Blueprints'  height=\"321\" width=\"845\"  itemprop=\"thumbnailUrl\"  \/><\/a><\/div><\/div><\/div><br \/>\n\n<style type=\"text\/css\" data-created_by=\"avia_inline_auto\" id=\"style-css-av-1p1xp-93503768ff96d76f16131023d1bd586e\">\n#top .av-special-heading.av-1p1xp-93503768ff96d76f16131023d1bd586e{\npadding-bottom:0;\n}\nbody .av-special-heading.av-1p1xp-93503768ff96d76f16131023d1bd586e .av-special-heading-tag .heading-char{\nfont-size:25px;\n}\n.av-special-heading.av-1p1xp-93503768ff96d76f16131023d1bd586e .av-subheading{\nfont-size:15px;\n}\n<\/style>\n<div  class='av-special-heading av-1p1xp-93503768ff96d76f16131023d1bd586e av-special-heading-h3 blockquote modern-quote  avia-builder-el-4  el_after_av_image  el_before_av_hr '><h3 class='av-special-heading-tag'  itemprop=\"headline\"  >Asesoria y Dise\u00f1o <\/h3><div class=\"special-heading-border\"><div class=\"special-heading-inner-border\"><\/div><\/div><\/div><br \/>\n\n<style type=\"text\/css\" data-created_by=\"avia_inline_auto\" id=\"style-css-av-gi7gd-38c53b03573a1cef9536b40748491d33\">\n#top .hr.av-gi7gd-38c53b03573a1cef9536b40748491d33{\nmargin-top:10px;\nmargin-bottom:10px;\n}\n.hr.av-gi7gd-38c53b03573a1cef9536b40748491d33 .hr-inner{\nwidth:50px;\nborder-color:#efbb20;\n}\n<\/style>\n<div  class='hr av-gi7gd-38c53b03573a1cef9536b40748491d33 hr-custom  avia-builder-el-5  el_after_av_heading  el_before_av_textblock  hr-left hr-icon-no'><span class='hr-inner inner-border-av-border-fat'><span class=\"hr-inner-style\"><\/span><\/span><\/div><br \/>\n<section  class='av_textblock_section av-ftx2l-e3b4efeab06f6ff22516101f3fa17703 '   itemscope=\"itemscope\" itemtype=\"https:\/\/schema.org\/CreativeWork\" ><div class='avia_textblock'  itemprop=\"text\" ><p>Sumamos con propuestas de valor, transformando espacios desde nuestra visi\u00f3n, para que las ideas y necesidades del sector residencial, industrial, comercial y\/o retail, se conviertan en proyectos ejecutados de manera \u00f3ptima sin descuidar su belleza y detalle.<\/p>\n<\/div><\/section><\/p><\/div>\n\n<style type=\"text\/css\" data-created_by=\"avia_inline_auto\" id=\"style-css-av-ez4l1-bbde3373926b161177e1c27340cfdb47\">\n.flex_column.av-ez4l1-bbde3373926b161177e1c27340cfdb47{\nborder-radius:0px 0px 0px 0px;\npadding:0px 0px 0px 0px;\n}\n<\/style>\n<div  class='flex_column av-ez4l1-bbde3373926b161177e1c27340cfdb47 av_one_half  avia-builder-el-7  el_after_av_one_half  el_before_av_one_half  flex_column_div av-animated-generic bottom-to-top av-zero-column-padding  '     ><p>\n<style type=\"text\/css\" data-created_by=\"avia_inline_auto\" id=\"style-css-av-eigi9-293e45046b40cf302de6536be8817199\">\n.avia-image-container.av-eigi9-293e45046b40cf302de6536be8817199 img.avia_image{\nbox-shadow:none;\n}\n.avia-image-container.av-eigi9-293e45046b40cf302de6536be8817199 .av-image-caption-overlay-center{\ncolor:#ffffff;\n}\n<\/style>\n<div  class='avia-image-container av-eigi9-293e45046b40cf302de6536be8817199 av-styling-no-styling avia-align-center  avia-builder-el-8  el_before_av_heading  avia-builder-el-first '   itemprop=\"image\" itemscope=\"itemscope\" itemtype=\"https:\/\/schema.org\/ImageObject\" ><div class=\"avia-image-container-inner\"><div class=\"avia-image-overlay-wrap\"><a href=\"https:\/\/sireac.com\/index.php\/servicios\/especificacion-de-materiales\/\" class='avia_image'  aria-label='especificacion-de-materiales-min'><img fetchpriority=\"high\" fetchpriority=\"high\" decoding=\"async\" fetchpriority=\"high\" class='wp-image-1058 avia-img-lazy-loading-not-1058 avia_image ' src=\"https:\/\/sireac.com\/wp-content\/uploads\/2023\/10\/especificacion-de-materiales-min-845x321.webp\" alt='' title='especificacion-de-materiales-min'  height=\"321\" width=\"845\"  itemprop=\"thumbnailUrl\"  \/><\/a><\/div><\/div><\/div><br \/>\n\n<style type=\"text\/css\" data-created_by=\"avia_inline_auto\" id=\"style-css-av-1du5l-0750175a55ff0de98b8fee00c2cab408\">\n#top .av-special-heading.av-1du5l-0750175a55ff0de98b8fee00c2cab408{\npadding-bottom:0;\n}\nbody .av-special-heading.av-1du5l-0750175a55ff0de98b8fee00c2cab408 .av-special-heading-tag .heading-char{\nfont-size:25px;\n}\n.av-special-heading.av-1du5l-0750175a55ff0de98b8fee00c2cab408 .av-subheading{\nfont-size:15px;\n}\n<\/style>\n<div  class='av-special-heading av-1du5l-0750175a55ff0de98b8fee00c2cab408 av-special-heading-h3 blockquote modern-quote  avia-builder-el-9  el_after_av_image  el_before_av_hr '><h3 class='av-special-heading-tag'  itemprop=\"headline\"  >Especificaci\u00f3n de Materiales <\/h3><div class=\"special-heading-border\"><div class=\"special-heading-inner-border\"><\/div><\/div><\/div><br \/>\n\n<style type=\"text\/css\" data-created_by=\"avia_inline_auto\" id=\"style-css-av-ddpdl-41a6fdc1c278bd18c1338e30d29bba14\">\n#top .hr.av-ddpdl-41a6fdc1c278bd18c1338e30d29bba14{\nmargin-top:10px;\nmargin-bottom:10px;\n}\n.hr.av-ddpdl-41a6fdc1c278bd18c1338e30d29bba14 .hr-inner{\nwidth:50px;\nborder-color:#efbb20;\n}\n<\/style>\n<div  class='hr av-ddpdl-41a6fdc1c278bd18c1338e30d29bba14 hr-custom  avia-builder-el-10  el_after_av_heading  el_before_av_textblock  hr-left hr-icon-no'><span class='hr-inner inner-border-av-border-fat'><span class=\"hr-inner-style\"><\/span><\/span><\/div><br \/>\n<section  class='av_textblock_section av-cmr5t-09d3fef246d403d08a7bba3979eda795 '   itemscope=\"itemscope\" itemtype=\"https:\/\/schema.org\/CreativeWork\" ><div class='avia_textblock'  itemprop=\"text\" ><p>Desde la planeaci\u00f3n del proyecto, colaboramos con nuestros clientes para definir materiales y asesorarlos con los procesos de instalaci\u00f3n certificados para cada ambiente.<\/p>\n<\/div><\/section><\/p><\/div>\n\n<style type=\"text\/css\" data-created_by=\"avia_inline_auto\" id=\"style-css-av-61xp5-aff62b3fee36ac1bd4bbd9cde087bf0e\">\n.flex_column.av-61xp5-aff62b3fee36ac1bd4bbd9cde087bf0e{\nborder-radius:0px 0px 0px 0px;\npadding:0px 0px 0px 0px;\n}\n<\/style>\n<div  class='flex_column av-61xp5-aff62b3fee36ac1bd4bbd9cde087bf0e av_one_half  avia-builder-el-12  el_after_av_one_half  el_before_av_one_half  first flex_column_div av-animated-generic bottom-to-top av-zero-column-padding  column-top-margin'     ><p>\n<style type=\"text\/css\" data-created_by=\"avia_inline_auto\" id=\"style-css-av-5qrb1-348f7e64e349db0049d3b5ea3e08c0e9\">\n.avia-image-container.av-5qrb1-348f7e64e349db0049d3b5ea3e08c0e9 img.avia_image{\nbox-shadow:none;\n}\n.avia-image-container.av-5qrb1-348f7e64e349db0049d3b5ea3e08c0e9 .av-image-caption-overlay-center{\ncolor:#ffffff;\n}\n<\/style>\n<div  class='avia-image-container av-5qrb1-348f7e64e349db0049d3b5ea3e08c0e9 av-styling-no-styling avia-align-center  avia-builder-el-13  el_before_av_heading  avia-builder-el-first '   itemprop=\"image\" itemscope=\"itemscope\" itemtype=\"https:\/\/schema.org\/ImageObject\" ><div class=\"avia-image-container-inner\"><div class=\"avia-image-overlay-wrap\"><a href=\"https:\/\/sireac.com\/index.php\/servicios\/instalacion-y-mano-de-obra\/\" class='avia_image'  aria-label='instalacion-y-mano-de-obra'><img fetchpriority=\"high\" fetchpriority=\"high\" decoding=\"async\" fetchpriority=\"high\" class='wp-image-1065 avia-img-lazy-loading-not-1065 avia_image ' src=\"https:\/\/sireac.com\/wp-content\/uploads\/2023\/10\/instalacion-y-mano-de-obra-800x321.jpeg\" alt='' title='instalacion-y-mano-de-obra'  height=\"321\" width=\"800\"  itemprop=\"thumbnailUrl\"  \/><\/a><\/div><\/div><\/div><br \/>\n\n<style type=\"text\/css\" data-created_by=\"avia_inline_auto\" id=\"style-css-av-57zgh-ffcfcb7688f820a006024e0914367d3d\">\n#top .av-special-heading.av-57zgh-ffcfcb7688f820a006024e0914367d3d{\npadding-bottom:0;\n}\nbody .av-special-heading.av-57zgh-ffcfcb7688f820a006024e0914367d3d .av-special-heading-tag .heading-char{\nfont-size:25px;\n}\n.av-special-heading.av-57zgh-ffcfcb7688f820a006024e0914367d3d .av-subheading{\nfont-size:15px;\n}\n<\/style>\n<div  class='av-special-heading av-57zgh-ffcfcb7688f820a006024e0914367d3d av-special-heading-h3 blockquote modern-quote  avia-builder-el-14  el_after_av_image  el_before_av_hr '><h3 class='av-special-heading-tag'  itemprop=\"headline\"  >Instalaci\u00f3n y Mano de Obra <\/h3><div class=\"special-heading-border\"><div class=\"special-heading-inner-border\"><\/div><\/div><\/div><br \/>\n\n<style type=\"text\/css\" data-created_by=\"avia_inline_auto\" id=\"style-css-av-4cqzx-38fcd90623241125947673b97fd38432\">\n#top .hr.av-4cqzx-38fcd90623241125947673b97fd38432{\nmargin-top:10px;\nmargin-bottom:10px;\n}\n.hr.av-4cqzx-38fcd90623241125947673b97fd38432 .hr-inner{\nwidth:50px;\nborder-color:#efbb20;\n}\n<\/style>\n<div  class='hr av-4cqzx-38fcd90623241125947673b97fd38432 hr-custom  avia-builder-el-15  el_after_av_heading  el_before_av_textblock  hr-left hr-icon-no'><span class='hr-inner inner-border-av-border-fat'><span class=\"hr-inner-style\"><\/span><\/span><\/div><br \/>\n<section  class='av_textblock_section av-45u5l-cd215291a96768bb747af962789be8a3 '   itemscope=\"itemscope\" itemtype=\"https:\/\/schema.org\/CreativeWork\" ><div class='avia_textblock'  itemprop=\"text\" ><p>El principal valor y recurso de nuestra empresa, es el factor humano, por eso contamos con los mejores t\u00e9cnicos especialistas en cada sistema y recubrimiento que ofertamos, garantizando resultados felices y a tiempo.<\/p>\n<p>Conf\u00eda en SIREAC para la ejecuci\u00f3n de proyectos, contaras con personal con capacitaci\u00f3n constante.<\/p>\n<\/div><\/section><\/p><\/div>\n<style type=\"text\/css\" data-created_by=\"avia_inline_auto\" id=\"style-css-av-95z9h-8ce32b67663fda720b3744525257bf30\">\n.flex_column.av-95z9h-8ce32b67663fda720b3744525257bf30{\nborder-radius:0px 0px 0px 0px;\npadding:0px 0px 0px 0px;\n}\n<\/style>\n<div  class='flex_column av-95z9h-8ce32b67663fda720b3744525257bf30 av_one_half  avia-builder-el-17  el_after_av_one_half  avia-builder-el-last  flex_column_div av-animated-generic bottom-to-top av-zero-column-padding avia-link-column av-column-link  column-top-margin'    data-link-column-url=\"https:\/\/sireac.com\/index.php\/servicios\/renovacion-de-espacios\/\"   ><a class=\"av-screen-reader-only\" href=https:\/\/sireac.com\/index.php\/servicios\/renovacion-de-espacios\/ >Follow a manual added link<\/a><p>\n<style type=\"text\/css\" data-created_by=\"avia_inline_auto\" id=\"style-css-av-8jm3d-383cb647dc8e6581c10073caf39b57a1\">\n.avia-image-container.av-8jm3d-383cb647dc8e6581c10073caf39b57a1 img.avia_image{\nbox-shadow:none;\n}\n.avia-image-container.av-8jm3d-383cb647dc8e6581c10073caf39b57a1 .av-image-caption-overlay-center{\ncolor:#ffffff;\n}\n<\/style>\n<div  class='avia-image-container av-8jm3d-383cb647dc8e6581c10073caf39b57a1 av-styling-no-styling avia-align-center  avia-builder-el-18  el_before_av_heading  avia-builder-el-first '   itemprop=\"image\" itemscope=\"itemscope\" itemtype=\"https:\/\/schema.org\/ImageObject\" ><div class=\"avia-image-container-inner\"><div class=\"avia-image-overlay-wrap\"><a href=\"https:\/\/sireac.com\/index.php\/adhesivos\/\" class='avia_image'  aria-label='Modern home'><img fetchpriority=\"high\" fetchpriority=\"high\" decoding=\"async\" fetchpriority=\"high\" class='wp-image-82 avia-img-lazy-loading-not-82 avia_image ' src=\"https:\/\/sireac.com\/wp-content\/uploads\/2015\/10\/modern-home-845x321.jpg\" alt='' title='Modern home'  height=\"321\" width=\"845\"  itemprop=\"thumbnailUrl\"  \/><\/a><\/div><\/div><\/div><br \/>\n\n<style type=\"text\/css\" data-created_by=\"avia_inline_auto\" id=\"style-css-av-7ze5t-04b1ffc4aec6f0c13af8668b54696ef5\">\n#top .av-special-heading.av-7ze5t-04b1ffc4aec6f0c13af8668b54696ef5{\npadding-bottom:0;\n}\nbody .av-special-heading.av-7ze5t-04b1ffc4aec6f0c13af8668b54696ef5 .av-special-heading-tag .heading-char{\nfont-size:25px;\n}\n.av-special-heading.av-7ze5t-04b1ffc4aec6f0c13af8668b54696ef5 .av-subheading{\nfont-size:15px;\n}\n<\/style>\n<div  class='av-special-heading av-7ze5t-04b1ffc4aec6f0c13af8668b54696ef5 av-special-heading-h3 blockquote modern-quote  avia-builder-el-19  el_after_av_image  el_before_av_hr '><h3 class='av-special-heading-tag'  itemprop=\"headline\"  >Renovaci\u00f3n de Espacios <\/h3><div class=\"special-heading-border\"><div class=\"special-heading-inner-border\"><\/div><\/div><\/div><br \/>\n\n<style type=\"text\/css\" data-created_by=\"avia_inline_auto\" id=\"style-css-av-797q1-346a2e4e4331548e768c3726ca43f1ee\">\n#top .hr.av-797q1-346a2e4e4331548e768c3726ca43f1ee{\nmargin-top:10px;\nmargin-bottom:10px;\n}\n.hr.av-797q1-346a2e4e4331548e768c3726ca43f1ee .hr-inner{\nwidth:50px;\nborder-color:#efbb20;\n}\n<\/style>\n<div  class='hr av-797q1-346a2e4e4331548e768c3726ca43f1ee hr-custom  avia-builder-el-20  el_after_av_heading  el_before_av_textblock  hr-left hr-icon-no'><span class='hr-inner inner-border-av-border-fat'><span class=\"hr-inner-style\"><\/span><\/span><\/div><br \/>\n<section  class='av_textblock_section av-6vu8p-420e5ff34b288e79754009f0261a9ec4 '   itemscope=\"itemscope\" itemtype=\"https:\/\/schema.org\/CreativeWork\" ><div class='avia_textblock'  itemprop=\"text\" ><p>Actualizar un espacio no significa necesariamente gastar todos tus ahorros, ahorrar en tus proyectos no significa que obtendr\u00e1s un trabajo de baja calidad.<\/p>\n<p>En SIREAC podemos usar tus espacios y muebles existentes para brindarles funciones completamente nuevas, haciendo lo necesario y adecuado a tu proyecto.<\/p>\n<\/div><\/section><\/p><\/div><\/p>\n","protected":false},"excerpt":{"rendered":"","protected":false},"author":1,"featured_media":0,"parent":0,"menu_order":0,"comment_status":"closed","ping_status":"closed","template":"","meta":{"_eb_attr":"","footnotes":""},"class_list":["post-25","page","type-page","status-publish","hentry"],"_links":{"self":[{"href":"https:\/\/sireac.com\/index.php\/wp-json\/wp\/v2\/pages\/25","targetHints":{"allow":["GET"]}}],"collection":[{"href":"https:\/\/sireac.com\/index.php\/wp-json\/wp\/v2\/pages"}],"about":[{"href":"https:\/\/sireac.com\/index.php\/wp-json\/wp\/v2\/types\/page"}],"author":[{"embeddable":true,"href":"https:\/\/sireac.com\/index.php\/wp-json\/wp\/v2\/users\/1"}],"replies":[{"embeddable":true,"href":"https:\/\/sireac.com\/index.php\/wp-json\/wp\/v2\/comments?post=25"}],"version-history":[{"count":20,"href":"https:\/\/sireac.com\/index.php\/wp-json\/wp\/v2\/pages\/25\/revisions"}],"predecessor-version":[{"id":1080,"href":"https:\/\/sireac.com\/index.php\/wp-json\/wp\/v2\/pages\/25\/revisions\/1080"}],"wp:attachment":[{"href":"https:\/\/sireac.com\/index.php\/wp-json\/wp\/v2\/media?parent=25"}],"curies":[{"name":"wp","href":"https:\/\/api.w.org\/{rel}","templated":true}]}}